culate the highest common divisor of 61504 and 80.
16
What is the highest common factor of 24464 and 263824?
176
Calculate the greatest common divisor of 3266 and 17353891.
1633
What is the greatest common divisor of 20828549 and 14?
7
Calculate the greatest common factor of 119159906 and 74.
74
Calculate the greatest common divisor of 27 and 146031.
3
What is the highest common divisor of 414800360 and 715?
65
What is the greatest common factor of 4521 and 4308924?
411
Calculate the highest common factor of 253431 and 8497.
29
Calculate the highest common divisor of 418886 and 42.
2
Calculate the greatest common factor of 283140 and 2894580.
2340
Calculate the highest common divisor of 2676 and 4753914.
1338
Calculate the greatest common divisor of 350 and 14938175.
175
What is the greatest common divisor of 140079 and 149619?
159
Calculate the greatest common factor of 122 and 1737699314.
122
What is the highest common divisor of 441869628 and 164?
164
What is the greatest common divisor of 13972 and 1470553?
3493
What is the greatest common divisor of 462 and 27087522?
462
Calculate the greatest common divisor of 20839710 and 62130.
3270
What is the greatest common factor of 1245637 and 4205?
29
What is the greatest common divisor of 3895 and 799393441?
779
What is the highest common factor of 164811741 and 11244?
2811
What is the highest common factor of 10643299 and 3914?
103
Calculate the greatest common divisor of 1325 and 46832920.
265
Calculate the greatest common divisor of 2659016 and 13060.
2612
What is the greatest common divisor of 100512 and 141996?
12
What is the highest common factor of 8960 and 51889280?
640
What is the greatest common divisor of 3303175 and 49025?
925
Calculate the highest common factor of 11991 and 26313.
21
Calculate the highest common divisor of 213381 and 378.
189
What is the highest common factor of 3031470 and 4590?
90
What is the highest common divisor of 682 and 439483?
11
Calculate the greatest common factor of 20321056 and 25730.
166
Calculate the highest common factor of 45717 and 6530067.
933
Calculate the highest common factor of 130853 and 1634.
19
What is the greatest common factor of 74686050 and 1215?
1215
Calculate the greatest common divisor of 520 and 70915.
65
Calculate the highest common factor of 2232 and 965808.
72
Calculate the highest common factor of 10063 and 297379.
347
Calculate the greatest common divisor of 30895 and 30784.
37
What is the greatest common factor of 12084 and 1317612?
228
What is the greatest common divisor of 426 and 1136000?
142
What is the greatest common divisor of 684450 and 595998?
2106
What is the highest common factor of 1350 and 2763750?
150
Calculate the greatest common divisor of 153690 and 513.
3
What is the greatest common divisor of 42 and 25379704?
14
Calculate the highest common factor of 174066 and 20784.
2598
Calculate the highest common factor of 860771 and 137311.
61
What is the greatest common divisor of 59942 and 14063?
41
What is the greatest common factor of 979 and 36919069?
979
What is the greatest common factor of 178698 and 2113566?
6162
Calculate the highest common divisor of 194071176 and 702.
234
Calculate the highest common divisor of 720 and 49351392.
144
What is the highest common divisor of 577204 and 4294?
226
Calculate the greatest common factor of 1470 and 52808010.
30
Calculate the highest common factor of 1072 and 10573471.
67
What is the highest common factor of 867621384 and 262?
262
Calculate the greatest common factor of 673866 and 32857207.
12479
Calculate the highest common factor of 13604133 and 2.
1
What is the highest common divisor of 275925802 and 4?
2
Calculate the highest common divisor of 8988 and 536172.
84
Calculate the highest common divisor of 4144 and 5102818.
518
What is the highest common divisor of 1114537 and 34?
17
What is the greatest common divisor of 476 and 11197662?
238
What is the highest common factor of 85373720 and 2686?
158
Calculate the highest common factor of 34 and 71381402.
34
Calculate the highest common factor of 4912 and 10385196.
1228
What is the highest common factor of 1842 and 206420967?
921
Calculate the highest common factor of 29961 and 243.
9
What is the highest common factor of 1225592 and 422552?
1912
What is the greatest common factor of 321663 and 627153?
1797
What is the highest common divisor of 23376 and 126336?
48
Calculate the highest common factor of 9619401 and 197241.
1419
Calculate the highest common factor of 23897 and 4761.
23
Calculate the greatest common factor of 1210770081 and 5391.
5391
What is the highest common factor of 58985 and 406620?
1255
What is the highest common divisor of 20061645 and 15?
15
What is the highest common divisor of 365504 and 78176?
32
Calculate the greatest common divisor of 604 and 26824244.
604
Calculate the greatest common factor of 6 and 2456607.
3
Calculate the greatest common divisor of 32548 and 899396.
412
Calculate the highest common factor of 89292 and 72492.
84
Calculate the highest common divisor of 74592 and 179154.
666
What is the greatest common divisor of 266225 and 6950?
25
Calculate the greatest common divisor of 200 and 77145344.
8
Calculate the highest common divisor of 66805 and 1783909.
431
What is the greatest common factor of 6478621 and 4912?
307
What is the greatest common divisor of 141409 and 943?
41
Calculate the greatest common factor of 45291834 and 3232.
202
What is the highest common factor of 808365 and 10935?
15
Calculate the highest common factor of 299453 and 623777.
77
Calculate the highest common divisor of 1526 and 27512908.
218
What is the highest common divisor of 50538106 and 538?
538
Calculate the greatest common divisor of 70338 and 342.
114
Calculate the greatest common divisor of 357 and 7978117.
119
Calculate the greatest common factor of 4725 and 585684.
27
What is the highest common divisor of 26 and 420286?
2
What is the greatest common factor of 16 and 199038032?
16
What is the highest common factor of 66365133 and 61?
61
What is the greatest common divisor of 50621753 and 338?
169
What is the highest common factor of 4026 and 94001?
61
Calculate the greatest common factor of 199169738 and 5452.
2726
Calculate the greatest common divisor of 192005879 and 13.
13
What is the highest common factor of 25377 and 15496119?
2307
What is the highest common factor of 33696 and 650663?
13
Calculate the highest common factor of 3031077 and 318237.
5217
Calculate the highest common factor of 18544 and 194468.
244
What is the greatest common factor of 442476 and 61506?
918
Calculate the highest common factor of 32932 and 206195485.
8233
What is the greatest common divisor of 9365 and 1914206?
1873
What is the highest common factor of 18239 and 166777?
13
What is the greatest common divisor of 3 and 77119935?
3
Calculate the greatest common divisor of 5805895 and 10.
5
Calculate the greatest common divisor of 3012088 and 1000.
8
Calculate the greatest common divisor of 8863590 and 6837.
129
Calculate the highest common factor of 1164 and 188580804.
1164
What is the highest common divisor of 354752 and 14904?
184
Calculate the greatest common factor of 87591368 and 1178.
1178
Calculate the greatest common factor of 80511 and 144666.
141
What is the highest common divisor of 1 and 698041482?
1
Calculate the highest common factor of 109226 and 24004514.
8402
Calculate the greatest common factor of 13 and 280697.
1
What is the greatest common factor of 19019850 and 1150?
1150
What is the greatest common factor of 508 and 380564?
4
What is the highest common divisor of 30 and 145335470?
10
Calculate the highest common divisor of 3932760 and 3.
3
Calculate the greatest common factor of 350 and 5305825.
175
What is the greatest common factor of 1017082 and 517?
11
What is the greatest common divisor of 21826937 and 2582?
1291
What is the greatest common divisor of 28101 and 112441468?
9367
What is the greatest common factor of 78431 and 165101?
107
What is the greatest common factor of 38304 and 276625104?
6384
What is the greatest common divisor of 390780 and 13590?
90
What is the greatest common divisor of 21791 and 23624557?
3113
Calculate the greatest common factor of 528 and 20197200.
48
